{"id":117,"date":"2015-05-11T16:05:47","date_gmt":"2015-05-11T14:05:47","guid":{"rendered":"http:\/\/localhost\/innovam\/?page_id=117"},"modified":"2025-03-07T17:04:48","modified_gmt":"2025-03-07T16:04:48","slug":"la-mobilite-internationale","status":"publish","type":"page","link":"https:\/\/missionlocale-innovam.fr\/index.php\/vie-sociale\/la-mobilite-internationale\/","title":{"rendered":"La mobilit\u00e9 internationale"},"content":{"rendered":"\n<div style=\"height:20px\" aria-hidden=\"true\" class=\"wp-block-spacer\"><\/div>\n\n\n\n<p>Vous souhaitez b\u00e9n\u00e9ficier d\u2019une exp\u00e9rience \u00e0 l\u2019\u00e9tranger, parfaire vos langues, vous voulez en savoir plus sur les dispositifs qui proposent un s\u00e9jour linguistique, la Mission Locale peut vous aider dans la concr\u00e9tisation de ce projet. Une conseill\u00e8re sp\u00e9cialis\u00e9e vous re\u00e7oit en entretien pour vous donner un premier niveau d\u2019information.<\/p>\n\n\n\n<p>Elle peut vous mettre en relation avec le P\u00f4le Europ\u00e9en du Val-de-Marne situ\u00e9 au Perreux :<a rel=\"noreferrer noopener\" href=\"http:\/\/www.mission-locale-bordsdemarne.org\/mobilite-internationale\/\" target=\"_blank\"> http:\/\/www.mission-locale-bordsdemarne.org\/mobilite-internationale\/ <\/a>qui se veut accessible \u00e0 tous les jeunes Val-de-Marnais, <strong>inscrits dans l\u2019une des 11 Missions Locales du D\u00e9partement.<\/strong><br><\/p>\n\n\n\n<p>La diversit\u00e9 des dispositifs d\u00e9ploy\u00e9s permet d\u2019adapter votre choix en fonction de votre projet professionnel. Les s\u00e9jours europ\u00e9ens propos\u00e9s peuvent \u00eatre individuels ou collectifs. Le P\u00f4le Europ\u00e9en apporte un soutien p\u00e9dagogique et financier pour favoriser principalement, la mobilit\u00e9 europ\u00e9enne des jeunes !<\/p>\n\n\n\n<hr class=\"wp-block-separator has-text-color has-alpha-channel-opacity has-background\" style=\"background-color:#3b5fa9;color:#3b5fa9\"\/>\n\n\n\n<h4 class=\"wp-block-heading has-text-color\" style=\"color:#3b5fa9\"><strong>Le P\u00f4le Europ\u00e9en du Val-de-Marne vous propose un accompagnement personnalis\u00e9 :<\/strong><\/h4>\n\n\n\n<div id=\"wp-block-themeisle-blocks-icon-list-2317f9de\" class=\"wp-block-themeisle-blocks-icon-list\">\n<div id=\"wp-block-themeisle-blocks-icon-list-item-5ad700d8\" class=\"wp-block-themeisle-blocks-icon-list-item\"><i class=\"fas fa-check wp-block-themeisle-blocks-icon-list-item-icon\"><\/i><p class=\"wp-block-themeisle-blocks-icon-list-item-content\">Des r\u00e9unions d\u2019information collective afin de vous pr\u00e9senter tous les dispositifs existants<\/p><\/div>\n\n\n\n<div id=\"wp-block-themeisle-blocks-icon-list-item-1a4d9423\" class=\"wp-block-themeisle-blocks-icon-list-item\"><i class=\"fas fa-check wp-block-themeisle-blocks-icon-list-item-icon\"><\/i><p class=\"wp-block-themeisle-blocks-icon-list-item-content\">Des ateliers de mobilit\u00e9 anim\u00e9s en langues \u00e9trang\u00e8res qui vous aident \u00e0 r\u00e9diger CV et lettre de motivation et vous apportent un suivi dans votre projet de d\u00e9part<\/p><\/div>\n\n\n\n<div id=\"wp-block-themeisle-blocks-icon-list-item-2cf50abf\" class=\"wp-block-themeisle-blocks-icon-list-item\"><i class=\"fas fa-check wp-block-themeisle-blocks-icon-list-item-icon\"><\/i><p class=\"wp-block-themeisle-blocks-icon-list-item-content\">Des entretiens personnalis\u00e9s pour travailler individuellement votre projet.<\/p><\/div>\n<\/div>\n\n\n\n<div class=\"wp-block-columns is-layout-flex wp-container-core-columns-is-layout-28f84493 wp-block-columns-is-layout-flex\">\n<div class=\"wp-block-column is-layout-flow wp-block-column-is-layout-flow\" style=\"flex-basis:66.66%\">\n<p><\/p>\n\n\n\n<p><strong><em>La Maison de l&rsquo;Europe 94 : <\/em><\/strong><\/p>\n\n\n\n<p><a href=\"https:\/\/www.europe94.eu\">https:\/\/www.europe94.eu<\/a><\/p>\n\n\n\n<p><em><strong>Les dispositifs propos\u00e9s par le CIDJ :<\/strong><\/em><\/p>\n\n\n\n<p><a href=\"https:\/\/www.cidj.com\/nos-services\/jeunes\/partir-a-l-etranger-avec-le-cidj-eurodeskfr\" target=\"_blank\" rel=\"noreferrer noopener\">https:\/\/www.cidj.com\/nos-services\/jeunes\/partir-a-l-etranger-avec-le-cidj-eurodeskfr<\/a><\/p>\n<\/div>\n\n\n\n<div class=\"wp-block-column is-layout-flow wp-block-column-is-layout-flow\" style=\"flex-basis:33.33%\">\n<figure class=\"wp-block-image aligncenter size-full\"><img loading=\"lazy\" decoding=\"async\" width=\"300\" height=\"106\" src=\"https:\/\/missionlocale-innovam.fr\/wp-content\/uploads\/2015\/05\/pevdm-1.jpg\" alt=\"\" class=\"wp-image-2427\"\/><\/figure>\n<\/div>\n<\/div>\n\n\n\n<p><\/p>\n","protected":false},"excerpt":{"rendered":"<p>Vous souhaitez b\u00e9n\u00e9ficier d\u2019une exp\u00e9rience \u00e0 l\u2019\u00e9tranger, parfaire vos langues, vous voulez en savoir plus sur les dispositifs qui proposent un s\u00e9jour linguistique, la Mission Locale peut vous aider dans la concr\u00e9tisation de ce projet. Une conseill\u00e8re sp\u00e9cialis\u00e9e vous re\u00e7oit en entretien pour vous donner un premier niveau d\u2019information. Elle [&hellip;]<\/p>\n","protected":false},"author":1,"featured_media":0,"parent":12,"menu_order":0,"comment_status":"closed","ping_status":"closed","template":"page-with-sidebar","meta":{"_themeisle_gutenberg_block_has_review":false,"footnotes":""},"class_list":["post-117","page","type-page","status-publish","hentry"],"_links":{"self":[{"href":"https:\/\/missionlocale-innovam.fr\/index.php\/wp-json\/wp\/v2\/pages\/117","targetHints":{"allow":["GET"]}}],"collection":[{"href":"https:\/\/missionlocale-innovam.fr\/index.php\/wp-json\/wp\/v2\/pages"}],"about":[{"href":"https:\/\/missionlocale-innovam.fr\/index.php\/wp-json\/wp\/v2\/types\/page"}],"author":[{"embeddable":true,"href":"https:\/\/missionlocale-innovam.fr\/index.php\/wp-json\/wp\/v2\/users\/1"}],"replies":[{"embeddable":true,"href":"https:\/\/missionlocale-innovam.fr\/index.php\/wp-json\/wp\/v2\/comments?post=117"}],"version-history":[{"count":17,"href":"https:\/\/missionlocale-innovam.fr\/index.php\/wp-json\/wp\/v2\/pages\/117\/revisions"}],"predecessor-version":[{"id":9715,"href":"https:\/\/missionlocale-innovam.fr\/index.php\/wp-json\/wp\/v2\/pages\/117\/revisions\/9715"}],"up":[{"embeddable":true,"href":"https:\/\/missionlocale-innovam.fr\/index.php\/wp-json\/wp\/v2\/pages\/12"}],"wp:attachment":[{"href":"https:\/\/missionlocale-innovam.fr\/index.php\/wp-json\/wp\/v2\/media?parent=117"}],"curies":[{"name":"wp","href":"https:\/\/api.w.org\/{rel}","templated":true}]}}