{"id":190,"date":"2023-04-24T08:53:44","date_gmt":"2023-04-24T06:53:44","guid":{"rendered":"https:\/\/demo.wpenjoy.com\/visualbusiness\/?page_id=190"},"modified":"2025-08-14T08:07:48","modified_gmt":"2025-08-14T06:07:48","slug":"contact","status":"publish","type":"page","link":"https:\/\/missionlocale-innovam.fr\/index.php\/contact\/","title":{"rendered":"Nous contacter"},"content":{"rendered":"\n<div class=\"wp-block-group alignwide has-foreground-color has-text-color is-layout-constrained wp-container-core-group-is-layout-da7f0b59 wp-block-group-is-layout-constrained\">\n<div class=\"wp-block-columns is-layout-flex wp-container-core-columns-is-layout-28f84493 wp-block-columns-is-layout-flex\">\n<div class=\"wp-block-column is-layout-flow wp-block-column-is-layout-flow\">\n<div class=\"wp-block-columns is-layout-flex wp-container-core-columns-is-layout-28f84493 wp-block-columns-is-layout-flex\">\n<div class=\"wp-block-column is-layout-flow wp-block-column-is-layout-flow\" style=\"flex-basis:33.33%\">\n<div style=\"height:15px\" aria-hidden=\"true\" class=\"wp-block-spacer\"><\/div>\n\n\n\n<div id=\"wp-block-themeisle-blocks-font-awesome-icons-51eb4a41\" class=\"wp-block-themeisle-blocks-font-awesome-icons\"><span class=\"wp-block-themeisle-blocks-font-awesome-icons-container nan-padding\"><i class=\"fas fa-envelope-open-text\"><\/i><\/span><\/div>\n\n\n\n<h4 class=\"wp-block-heading has-text-color\" style=\"color:#3b5fa9\"><strong>Mission Locale INNOVAM<\/strong><\/h4>\n\n\n\n<h4 class=\"wp-block-heading has-text-color\" style=\"color:#3b5fa9\">19, rue de la Gare &#8211; B\u00e2t B1<br>94230 CACHAN<\/h4>\n\n\n\n<div id=\"wp-block-themeisle-blocks-icon-list-c64a88b0\" class=\"wp-block-themeisle-blocks-icon-list\">\n<div id=\"wp-block-themeisle-blocks-icon-list-item-4bac5333\" class=\"wp-block-themeisle-blocks-icon-list-item\"><i class=\"fas fa-phone-alt wp-block-themeisle-blocks-icon-list-item-icon-custom\"><\/i><p class=\"wp-block-themeisle-blocks-icon-list-item-content-custom\"><strong>01 41 98 65 00<\/strong><\/p><\/div>\n<\/div>\n\n\n\n<div style=\"height:5px\" aria-hidden=\"true\" class=\"wp-block-spacer\"><\/div>\n<\/div>\n\n\n\n<div class=\"wp-block-column is-layout-flow wp-block-column-is-layout-flow\" style=\"flex-basis:66.66%\">\n<div style=\"height:15px\" aria-hidden=\"true\" class=\"wp-block-spacer\"><\/div>\n\n\n\n<p class=\"has-text-color\" style=\"color:#01b6c9\"><strong>Par formulaire :<\/strong><\/p>\n\n\n\n<div id=\"wp-block-themeisle-blocks-form-becebe0a\" class=\"wp-block-themeisle-blocks-form\" data-option-name=\"bf9b28ff82ce323187abc5d0feb0d8f07ecd8436_becebe0a\"><form class=\"otter-form__container\">\n<div id=\"wp-block-themeisle-blocks-form-input-4bf5a6d0\" class=\"wp-block-themeisle-blocks-form-input is-style-o-c-three-quarters\"><label for=\"wp-block-themeisle-blocks-form-input-4bf5a6d0-input\" class=\"otter-form-input-label\"><span class=\"otter-form-input-label__label\">Votre nom<\/span><span class=\"required\">*<\/span><\/label><input type=\"text\" id=\"wp-block-themeisle-blocks-form-input-4bf5a6d0-input\" required class=\"otter-form-input\"\/><\/div>\n\n\n\n<div id=\"wp-block-themeisle-blocks-form-input-459b4960\" class=\"wp-block-themeisle-blocks-form-input  is-style-o-c-three-quarters\"><label for=\"wp-block-themeisle-blocks-form-input-459b4960-input\" class=\"otter-form-input-label\"><span class=\"otter-form-input-label__label\">Votre pr\u00e9nom<\/span><span class=\"required\">*<\/span><\/label><input type=\"text\" id=\"wp-block-themeisle-blocks-form-input-459b4960-input\" required class=\"otter-form-input\"\/><\/div>\n\n\n\n<div id=\"wp-block-themeisle-blocks-form-input-a6eaa53c\" class=\"wp-block-themeisle-blocks-form-input is-style-o-c-half\"><label for=\"wp-block-themeisle-blocks-form-input-a6eaa53c-input\" class=\"otter-form-input-label\"><span class=\"otter-form-input-label__label\">Votre \u00e2ge<\/span><span class=\"required\">*<\/span><\/label><input type=\"text\" id=\"wp-block-themeisle-blocks-form-input-a6eaa53c-input\" required class=\"otter-form-input\"\/><\/div>\n\n\n\n<div id=\"wp-block-themeisle-blocks-form-input-aef78835\" class=\"wp-block-themeisle-blocks-form-input  is-style-o-c-three-quarters\"><label for=\"wp-block-themeisle-blocks-form-input-aef78835-input\" class=\"otter-form-input-label\"><span class=\"otter-form-input-label__label\">Votre ville<\/span><span class=\"required\">*<\/span><\/label><input type=\"text\" id=\"wp-block-themeisle-blocks-form-input-aef78835-input\" required class=\"otter-form-input\"\/><\/div>\n\n\n\n<div id=\"wp-block-themeisle-blocks-form-input-e2eac5b8\" class=\"wp-block-themeisle-blocks-form-input\"><label for=\"wp-block-themeisle-blocks-form-input-e2eac5b8-input\" class=\"otter-form-input-label\"><span class=\"otter-form-input-label__label\">Votre email<\/span><span class=\"required\">*<\/span><\/label><input type=\"email\" id=\"wp-block-themeisle-blocks-form-input-e2eac5b8-input\" required class=\"otter-form-input\"\/><\/div>\n\n\n<div class=\"protection\" aria-hidden=\"true\"><input type=\"hidden\" id=\"wp-block-themeisle-blocks-form-becebe0a_nonce_field\" name=\"wp-block-themeisle-blocks-form-becebe0a_nonce_field\" value=\"9d10da7060\" \/><input type=\"hidden\" name=\"_wp_http_referer\" value=\"\/index.php\/wp-json\/wp\/v2\/pages\/190\" \/><input class=\"o-anti-bot\" type=\"checkbox\"><\/div>\n\n\n<div id=\"wp-block-themeisle-blocks-form-textarea-874b2536\" class=\"wp-block-themeisle-blocks-form-textarea\"><label for=\"wp-block-themeisle-blocks-form-textarea-874b2536-input\" class=\"otter-form-textarea-label\"><span class=\"otter-form-textarea-label__label\">Votre message<\/span><span class=\"required\">*<\/span><\/label><textarea id=\"wp-block-themeisle-blocks-form-textarea-874b2536-input\" required rows=\"10\" class=\"otter-form-textarea-input\"><\/textarea><\/div>\n\n\n<div class=\"is-style-hidden-label wp-block-themeisle-blocks-form-multiple-choice\" id=\"wp-block-themeisle-blocks-form-input-4ddfc2de\"><label class=\"otter-form-input-label\" >Select option<span class=\"required\">*<\/span><\/label><div class=\"o-form-choices\"><\/div><span class=\"o-form-help\"><\/span><\/div><div class=\"wp-block-button right\"><button class=\"wp-block-button__link\" type=\"submit\">Envoyer<\/button><\/div><\/form><\/div>\n<\/div>\n<\/div>\n<\/div>\n<\/div>\n<\/div>\n\n\n\n<div class=\"wp-block-columns is-layout-flex wp-container-core-columns-is-layout-28f84493 wp-block-columns-is-layout-flex\">\n<div class=\"wp-block-column is-layout-flow wp-block-column-is-layout-flow\" style=\"flex-basis:33.33%\">\n<figure class=\"wp-block-image aligncenter size-full is-resized\"><img loading=\"lazy\" decoding=\"async\" width=\"600\" height=\"612\" src=\"https:\/\/missionlocale-innovam.fr\/wp-content\/uploads\/2023\/11\/RGPD_06_Logo-Badge_MaMissionLocaleProtege_Bass-Def_sur-fond-blanc.png\" alt=\"\" class=\"wp-image-9060\" style=\"width:175px;height:auto\" srcset=\"https:\/\/missionlocale-innovam.fr\/wp-content\/uploads\/2023\/11\/RGPD_06_Logo-Badge_MaMissionLocaleProtege_Bass-Def_sur-fond-blanc.png 600w, https:\/\/missionlocale-innovam.fr\/wp-content\/uploads\/2023\/11\/RGPD_06_Logo-Badge_MaMissionLocaleProtege_Bass-Def_sur-fond-blanc-294x300.png 294w\" sizes=\"auto, (max-width: 600px) 100vw, 600px\" \/><\/figure>\n<\/div>\n\n\n\n<div class=\"wp-block-column is-layout-flow wp-block-column-is-layout-flow\" style=\"flex-basis:80%\">\n<p class=\"has-tiny-font-size\"><strong>Utilisation et conservation de vos donn\u00e9es personnelles <\/strong> : (Pour en savoir plus sur notre politique de confidentialit\u00e9 <a href=\"https:\/\/missionlocale-innovam.fr\/index.php\/mentions-legales-et-protection-des-donnees\/\">cliquez ici<\/a>)<\/p>\n\n\n\n<p class=\"has-tiny-font-size\">Seules les donn\u00e9es d\u00e9pos\u00e9es volontairement par l&rsquo;internaute via le formulaire de contact sont conserv\u00e9es pendant 18 mois et sont uniquement destin\u00e9es au traitement des demandes. Ces donn\u00e9es ne seront jamais communiqu\u00e9es \u00e0 des tiers et sont accessibles uniquement par la direction et ses collaborateurs habilit\u00e9s.<\/p>\n\n\n\n<p class=\"has-tiny-font-size\">Conform\u00e9ment \u00e0 la loi \u00ab\u00a0informatique et libert\u00e9s\u00a0\u00bb, vous disposez d\u2019un droit d\u2019acc\u00e8s, de modification et\/ou de suppression des donn\u00e9es vous concernant \u00e0 tout moment.\u00a0Pour exercer ce droit d&rsquo;acc\u00e8s, adresser un courrier recommand\u00e9 \u00e0 l&rsquo;attention de : D\u00e9l\u00e9gu\u00e9e \u00e0 la protection des donn\u00e9es &#8211;\u00a0 Mission Locale INNOVAM, 19 rue de la Gare &#8211; B\u00e2t B1 &#8211; 94230 CACHAN.<\/p>\n<\/div>\n<\/div>\n\n\n\n<p><\/p>\n","protected":false},"excerpt":{"rendered":"<p>Mission Locale INNOVAM 19, rue de la Gare &#8211; B\u00e2t B194230 CACHAN Par formulaire : Utilisation et conservation de vos donn\u00e9es personnelles : (Pour en savoir plus sur notre politique de confidentialit\u00e9 cliquez ici) Seules les donn\u00e9es d\u00e9pos\u00e9es volontairement par l&rsquo;internaute via le formulaire de contact sont conserv\u00e9es pendant 18 [&hellip;]<\/p>\n","protected":false},"author":1,"featured_media":0,"parent":0,"menu_order":0,"comment_status":"closed","ping_status":"closed","template":"page-with-sidebar","meta":{"_themeisle_gutenberg_block_has_review":false,"footnotes":""},"class_list":["post-190","page","type-page","status-publish","hentry"],"_links":{"self":[{"href":"https:\/\/missionlocale-innovam.fr\/index.php\/wp-json\/wp\/v2\/pages\/190","targetHints":{"allow":["GET"]}}],"collection":[{"href":"https:\/\/missionlocale-innovam.fr\/index.php\/wp-json\/wp\/v2\/pages"}],"about":[{"href":"https:\/\/missionlocale-innovam.fr\/index.php\/wp-json\/wp\/v2\/types\/page"}],"author":[{"embeddable":true,"href":"https:\/\/missionlocale-innovam.fr\/index.php\/wp-json\/wp\/v2\/users\/1"}],"replies":[{"embeddable":true,"href":"https:\/\/missionlocale-innovam.fr\/index.php\/wp-json\/wp\/v2\/comments?post=190"}],"version-history":[{"count":45,"href":"https:\/\/missionlocale-innovam.fr\/index.php\/wp-json\/wp\/v2\/pages\/190\/revisions"}],"predecessor-version":[{"id":9917,"href":"https:\/\/missionlocale-innovam.fr\/index.php\/wp-json\/wp\/v2\/pages\/190\/revisions\/9917"}],"wp:attachment":[{"href":"https:\/\/missionlocale-innovam.fr\/index.php\/wp-json\/wp\/v2\/media?parent=190"}],"curies":[{"name":"wp","href":"https:\/\/api.w.org\/{rel}","templated":true}]}}