{"id":28,"date":"2015-04-20T14:13:00","date_gmt":"2015-04-20T12:13:00","guid":{"rendered":"http:\/\/localhost\/innovam\/?page_id=28"},"modified":"2026-03-03T16:22:21","modified_gmt":"2026-03-03T15:22:21","slug":"telechargements","status":"publish","type":"page","link":"https:\/\/missionlocale-innovam.fr\/index.php\/telechargements\/","title":{"rendered":"T\u00e9l\u00e9chargements"},"content":{"rendered":"\n<div style=\"height:20px\" aria-hidden=\"true\" class=\"wp-block-spacer\"><\/div>\n\n\n\n<h5 class=\"wp-block-heading has-purple-color has-text-color\"><strong>Rapports d&rsquo;activit\u00e9<\/strong><\/h5>\n\n\n\n<div class=\"wp-block-columns is-layout-flex wp-container-core-columns-is-layout-28f84493 wp-block-columns-is-layout-flex\">\n<div class=\"wp-block-column is-layout-flow wp-block-column-is-layout-flow\">\n<figure class=\"wp-block-image size-large is-resized\" id=\"wp-block-themeisle-blocks-image-61719849\"><a href=\"https:\/\/missionlocale-innovam.fr\/wp-content\/uploads\/2025\/06\/RA-2024-web.pdf\"><img loading=\"lazy\" decoding=\"async\" width=\"2481\" height=\"1395\" src=\"https:\/\/missionlocale-innovam.fr\/wp-content\/uploads\/2025\/06\/RA-2024p1-edited-1.jpg\" alt=\"\" class=\"wp-image-9834\" style=\"width:251px\" srcset=\"https:\/\/missionlocale-innovam.fr\/wp-content\/uploads\/2025\/06\/RA-2024p1-edited-1.jpg 2481w, https:\/\/missionlocale-innovam.fr\/wp-content\/uploads\/2025\/06\/RA-2024p1-edited-1-300x169.jpg 300w, https:\/\/missionlocale-innovam.fr\/wp-content\/uploads\/2025\/06\/RA-2024p1-edited-1-1024x576.jpg 1024w, https:\/\/missionlocale-innovam.fr\/wp-content\/uploads\/2025\/06\/RA-2024p1-edited-1-768x432.jpg 768w, https:\/\/missionlocale-innovam.fr\/wp-content\/uploads\/2025\/06\/RA-2024p1-edited-1-1536x864.jpg 1536w, https:\/\/missionlocale-innovam.fr\/wp-content\/uploads\/2025\/06\/RA-2024p1-edited-1-2048x1152.jpg 2048w\" sizes=\"auto, (max-width: 2481px) 100vw, 2481px\" \/><\/a><\/figure>\n\n\n\n<p class=\"has-text-align-center has-extra-small-font-size\"><a href=\"https:\/\/missionlocale-innovam.fr\/wp-content\/uploads\/2025\/06\/RA-2024-web.pdf\">Rapport d&rsquo;activit\u00e9 2024<\/a><\/p>\n<\/div>\n\n\n\n<div class=\"wp-block-column is-layout-flow wp-block-column-is-layout-flow\">\n<figure class=\"wp-block-image is-resized\" id=\"wp-block-themeisle-blocks-image-df11894c\"><a href=\"https:\/\/missionlocale-innovam.fr\/wp-content\/uploads\/2024\/06\/RA-2023-web.pdf\"><img loading=\"lazy\" decoding=\"async\" width=\"650\" height=\"366\" src=\"https:\/\/missionlocale-innovam.fr\/wp-content\/uploads\/2024\/06\/rap1-edited.png\" alt=\"\" class=\"wp-image-9372\" style=\"width:251px\" srcset=\"https:\/\/missionlocale-innovam.fr\/wp-content\/uploads\/2024\/06\/rap1-edited.png 650w, https:\/\/missionlocale-innovam.fr\/wp-content\/uploads\/2024\/06\/rap1-edited-300x169.png 300w\" sizes=\"auto, (max-width: 650px) 100vw, 650px\" \/><\/a><\/figure>\n\n\n\n<p class=\"has-text-align-center has-extra-small-font-size\"><a href=\"https:\/\/missionlocale-innovam.fr\/wp-content\/uploads\/2024\/06\/RA-2023-web.pdf\" target=\"_blank\" rel=\"noreferrer noopener\">Rapport d&rsquo;activit\u00e9 2023<\/a><\/p>\n<\/div>\n\n\n\n<div class=\"wp-block-column is-layout-constrained wp-block-column-is-layout-constrained\">\n<figure class=\"wp-block-image size-large is-resized\" id=\"wp-block-themeisle-blocks-image-4e9f422e\"><a href=\"https:\/\/missionlocale-innovam.fr\/wp-content\/uploads\/2023\/06\/RA-2022-web.pdf\"><img loading=\"lazy\" decoding=\"async\" width=\"2481\" height=\"1395\" src=\"https:\/\/missionlocale-innovam.fr\/wp-content\/uploads\/2023\/07\/RA-20221erecouv-edited-1.jpg\" alt=\"\" class=\"wp-image-8259\" style=\"width:251px\" srcset=\"https:\/\/missionlocale-innovam.fr\/wp-content\/uploads\/2023\/07\/RA-20221erecouv-edited-1.jpg 2481w, https:\/\/missionlocale-innovam.fr\/wp-content\/uploads\/2023\/07\/RA-20221erecouv-edited-1-300x169.jpg 300w, https:\/\/missionlocale-innovam.fr\/wp-content\/uploads\/2023\/07\/RA-20221erecouv-edited-1-1024x576.jpg 1024w, https:\/\/missionlocale-innovam.fr\/wp-content\/uploads\/2023\/07\/RA-20221erecouv-edited-1-768x432.jpg 768w, https:\/\/missionlocale-innovam.fr\/wp-content\/uploads\/2023\/07\/RA-20221erecouv-edited-1-1536x864.jpg 1536w, https:\/\/missionlocale-innovam.fr\/wp-content\/uploads\/2023\/07\/RA-20221erecouv-edited-1-2048x1152.jpg 2048w\" sizes=\"auto, (max-width: 2481px) 100vw, 2481px\" \/><\/a><\/figure>\n\n\n\n<p class=\"has-text-align-center has-boulder-color has-text-color has-extra-small-font-size\"><a href=\"https:\/\/missionlocale-innovam.fr\/wp-content\/uploads\/2023\/06\/RA-2022-web.pdf\">Rapport d&rsquo;activit\u00e9 2022<\/a><\/p>\n<\/div>\n\n\n\n<div class=\"wp-block-column is-layout-flow wp-block-column-is-layout-flow\">\n<figure class=\"wp-block-image size-large is-resized\" id=\"wp-block-themeisle-blocks-image-7af95455\"><a href=\"https:\/\/missionlocale-innovam.fr\/wp-content\/uploads\/2022\/06\/RA-2021_web.pdf\"><img loading=\"lazy\" decoding=\"async\" width=\"1241\" height=\"698\" src=\"https:\/\/missionlocale-innovam.fr\/wp-content\/uploads\/2023\/07\/RA-2021P1-edited-2.jpg\" alt=\"\" class=\"wp-image-8258\" style=\"width:251px;height:auto\" srcset=\"https:\/\/missionlocale-innovam.fr\/wp-content\/uploads\/2023\/07\/RA-2021P1-edited-2.jpg 1241w, https:\/\/missionlocale-innovam.fr\/wp-content\/uploads\/2023\/07\/RA-2021P1-edited-2-300x169.jpg 300w, https:\/\/missionlocale-innovam.fr\/wp-content\/uploads\/2023\/07\/RA-2021P1-edited-2-1024x576.jpg 1024w, https:\/\/missionlocale-innovam.fr\/wp-content\/uploads\/2023\/07\/RA-2021P1-edited-2-768x432.jpg 768w\" sizes=\"auto, (max-width: 1241px) 100vw, 1241px\" \/><\/a><\/figure>\n\n\n\n<p class=\"has-text-align-center has-extra-small-font-size\"><a href=\"https:\/\/missionlocale-innovam.fr\/wp-content\/uploads\/2022\/06\/RA-2021_web.pdf\">Rapport d&rsquo;activit\u00e9 2021<\/a><\/p>\n<\/div>\n<\/div>\n\n\n\n<div class=\"wp-block-columns is-layout-flex wp-container-core-columns-is-layout-28f84493 wp-block-columns-is-layout-flex\">\n<div class=\"wp-block-column is-layout-flow wp-block-column-is-layout-flow\">\n<figure class=\"wp-block-image size-large is-resized\" id=\"wp-block-themeisle-blocks-image-bc3d5253\"><a href=\"https:\/\/missionlocale-innovam.fr\/wp-content\/uploads\/2026\/02\/Plaquette_MLJEUNES-rvb.pdf\"><img loading=\"lazy\" decoding=\"async\" width=\"722\" height=\"1024\" src=\"https:\/\/missionlocale-innovam.fr\/wp-content\/uploads\/2026\/02\/Plaquette_MLJEUNES-722x1024.jpg\" alt=\"\" class=\"wp-image-10118\" style=\"width:251px\" srcset=\"https:\/\/missionlocale-innovam.fr\/wp-content\/uploads\/2026\/02\/Plaquette_MLJEUNES-722x1024.jpg 722w, https:\/\/missionlocale-innovam.fr\/wp-content\/uploads\/2026\/02\/Plaquette_MLJEUNES-211x300.jpg 211w, https:\/\/missionlocale-innovam.fr\/wp-content\/uploads\/2026\/02\/Plaquette_MLJEUNES-768x1090.jpg 768w, https:\/\/missionlocale-innovam.fr\/wp-content\/uploads\/2026\/02\/Plaquette_MLJEUNES-1083x1536.jpg 1083w, https:\/\/missionlocale-innovam.fr\/wp-content\/uploads\/2026\/02\/Plaquette_MLJEUNES-1444x2048.jpg 1444w, https:\/\/missionlocale-innovam.fr\/wp-content\/uploads\/2026\/02\/Plaquette_MLJEUNES.jpg 1748w\" sizes=\"auto, (max-width: 722px) 100vw, 722px\" \/><\/a><\/figure>\n\n\n\n<p class=\"has-text-align-center has-extra-small-font-size\"><a href=\"https:\/\/missionlocale-innovam.fr\/wp-content\/uploads\/2026\/02\/Plaquette_MLJEUNES-rvb.pdf\">Plaquette de la Mission Locale<\/a><\/p>\n<\/div>\n\n\n\n<div class=\"wp-block-column is-layout-flow wp-block-column-is-layout-flow\">\n<figure class=\"wp-block-image size-large is-resized\" id=\"wp-block-themeisle-blocks-image-90c1a4ae\"><a href=\"https:\/\/missionlocale-innovam.fr\/wp-content\/uploads\/2026\/03\/PLAQUETTE-SERVICE-EMPLOI-rvb-vdef.pdf\"><img loading=\"lazy\" decoding=\"async\" width=\"1024\" height=\"722\" src=\"https:\/\/missionlocale-innovam.fr\/wp-content\/uploads\/2026\/03\/PLAQUETTE-SERVICE-EMPLOI-vdef-1024x722.jpg\" alt=\"\" class=\"wp-image-10149\" style=\"width:251px\" srcset=\"https:\/\/missionlocale-innovam.fr\/wp-content\/uploads\/2026\/03\/PLAQUETTE-SERVICE-EMPLOI-vdef-1024x722.jpg 1024w, https:\/\/missionlocale-innovam.fr\/wp-content\/uploads\/2026\/03\/PLAQUETTE-SERVICE-EMPLOI-vdef-300x211.jpg 300w, https:\/\/missionlocale-innovam.fr\/wp-content\/uploads\/2026\/03\/PLAQUETTE-SERVICE-EMPLOI-vdef-768x541.jpg 768w, https:\/\/missionlocale-innovam.fr\/wp-content\/uploads\/2026\/03\/PLAQUETTE-SERVICE-EMPLOI-vdef-1536x1083.jpg 1536w, https:\/\/missionlocale-innovam.fr\/wp-content\/uploads\/2026\/03\/PLAQUETTE-SERVICE-EMPLOI-vdef-2048x1444.jpg 2048w\" sizes=\"auto, (max-width: 1024px) 100vw, 1024px\" \/><\/a><\/figure>\n\n\n\n<p class=\"has-text-align-center has-extra-small-font-size\"><a href=\"https:\/\/missionlocale-innovam.fr\/wp-content\/uploads\/2026\/03\/PLAQUETTE-SERVICE-EMPLOI-rvb-vdef.pdf\">Plaquette du Service Emploi<\/a><\/p>\n<\/div>\n\n\n\n<div class=\"wp-block-column is-layout-flow wp-block-column-is-layout-flow\">\n<figure class=\"wp-block-image size-large is-resized\" id=\"wp-block-themeisle-blocks-image-5af62d5c\"><a href=\"https:\/\/missionlocale-innovam.fr\/wp-content\/uploads\/2026\/03\/affiche_parrain.pdf\"><img loading=\"lazy\" decoding=\"async\" width=\"724\" height=\"1024\" src=\"https:\/\/missionlocale-innovam.fr\/wp-content\/uploads\/2026\/03\/affiche_parrain-724x1024.jpg\" alt=\"\" class=\"wp-image-10157\" style=\"width:251px\" srcset=\"https:\/\/missionlocale-innovam.fr\/wp-content\/uploads\/2026\/03\/affiche_parrain-724x1024.jpg 724w, https:\/\/missionlocale-innovam.fr\/wp-content\/uploads\/2026\/03\/affiche_parrain-212x300.jpg 212w, https:\/\/missionlocale-innovam.fr\/wp-content\/uploads\/2026\/03\/affiche_parrain-768x1086.jpg 768w, https:\/\/missionlocale-innovam.fr\/wp-content\/uploads\/2026\/03\/affiche_parrain-1086x1536.jpg 1086w, https:\/\/missionlocale-innovam.fr\/wp-content\/uploads\/2026\/03\/affiche_parrain-1448x2048.jpg 1448w, https:\/\/missionlocale-innovam.fr\/wp-content\/uploads\/2026\/03\/affiche_parrain-scaled.jpg 1810w\" sizes=\"auto, (max-width: 724px) 100vw, 724px\" \/><\/a><\/figure>\n\n\n\n<p class=\"has-text-align-center has-extra-small-font-size\"><a href=\"https:\/\/missionlocale-innovam.fr\/wp-content\/uploads\/2026\/03\/affiche_parrain.pdf\">Le parrainage<\/a><\/p>\n<\/div>\n\n\n\n<div class=\"wp-block-column is-layout-flow wp-block-column-is-layout-flow\"><\/div>\n<\/div>\n\n\n\n<div class=\"wp-block-columns is-layout-flex wp-container-core-columns-is-layout-28f84493 wp-block-columns-is-layout-flex\">\n<div class=\"wp-block-column is-layout-flow wp-block-column-is-layout-flow\">\n<figure class=\"wp-block-image aligncenter size-large is-resized\" id=\"wp-block-themeisle-blocks-image-a900439e\"><a href=\"https:\/\/missionlocale-innovam.fr\/wp-content\/uploads\/2025\/02\/Flyers2025-scaled.jpg\"><img loading=\"lazy\" decoding=\"async\" width=\"724\" height=\"1024\" src=\"https:\/\/missionlocale-innovam.fr\/wp-content\/uploads\/2025\/02\/Flyers2025-724x1024.jpg\" alt=\"\" class=\"wp-image-9686\" style=\"width:251px\" srcset=\"https:\/\/missionlocale-innovam.fr\/wp-content\/uploads\/2025\/02\/Flyers2025-724x1024.jpg 724w, https:\/\/missionlocale-innovam.fr\/wp-content\/uploads\/2025\/02\/Flyers2025-212x300.jpg 212w, https:\/\/missionlocale-innovam.fr\/wp-content\/uploads\/2025\/02\/Flyers2025-768x1086.jpg 768w, https:\/\/missionlocale-innovam.fr\/wp-content\/uploads\/2025\/02\/Flyers2025-1086x1536.jpg 1086w, https:\/\/missionlocale-innovam.fr\/wp-content\/uploads\/2025\/02\/Flyers2025-1448x2048.jpg 1448w, https:\/\/missionlocale-innovam.fr\/wp-content\/uploads\/2025\/02\/Flyers2025-scaled.jpg 1811w\" sizes=\"auto, (max-width: 724px) 100vw, 724px\" \/><\/a><\/figure>\n\n\n\n<p class=\"has-text-align-center has-extra-small-font-size\"><a href=\"https:\/\/missionlocale-innovam.fr\/wp-content\/uploads\/2025\/02\/Flyers2025-scaled.jpg\">Plaquette du CEJ<\/a><\/p>\n<\/div>\n\n\n\n<div class=\"wp-block-column is-layout-flow wp-block-column-is-layout-flow\">\n<figure class=\"wp-block-image size-large is-resized\" id=\"wp-block-themeisle-blocks-image-b20c4671\"><a href=\"https:\/\/missionlocale-innovam.fr\/wp-content\/uploads\/2025\/02\/Flyers20253-scaled.jpg\"><img loading=\"lazy\" decoding=\"async\" width=\"724\" height=\"1024\" src=\"https:\/\/missionlocale-innovam.fr\/wp-content\/uploads\/2025\/02\/Flyers20253-724x1024.jpg\" alt=\"\" class=\"wp-image-9694\" style=\"width:251px\" srcset=\"https:\/\/missionlocale-innovam.fr\/wp-content\/uploads\/2025\/02\/Flyers20253-724x1024.jpg 724w, https:\/\/missionlocale-innovam.fr\/wp-content\/uploads\/2025\/02\/Flyers20253-212x300.jpg 212w, https:\/\/missionlocale-innovam.fr\/wp-content\/uploads\/2025\/02\/Flyers20253-768x1086.jpg 768w, https:\/\/missionlocale-innovam.fr\/wp-content\/uploads\/2025\/02\/Flyers20253-1086x1536.jpg 1086w, https:\/\/missionlocale-innovam.fr\/wp-content\/uploads\/2025\/02\/Flyers20253-1448x2048.jpg 1448w, https:\/\/missionlocale-innovam.fr\/wp-content\/uploads\/2025\/02\/Flyers20253-scaled.jpg 1811w\" sizes=\"auto, (max-width: 724px) 100vw, 724px\" \/><\/a><\/figure>\n\n\n\n<p class=\"has-text-align-center has-extra-small-font-size\"><a href=\"https:\/\/missionlocale-innovam.fr\/wp-content\/uploads\/2025\/02\/Flyers20253-scaled.jpg\">Plaquette du PAO<\/a><\/p>\n<\/div>\n\n\n\n<div class=\"wp-block-column is-layout-flow wp-block-column-is-layout-flow\">\n<figure class=\"wp-block-image size-large is-resized\" id=\"wp-block-themeisle-blocks-image-6b3f8eed\"><a href=\"https:\/\/missionlocale-innovam.fr\/wp-content\/uploads\/2025\/02\/Flyers20252-scaled.jpg\"><img loading=\"lazy\" decoding=\"async\" width=\"724\" height=\"1024\" src=\"https:\/\/missionlocale-innovam.fr\/wp-content\/uploads\/2025\/02\/Flyers20252-724x1024.jpg\" alt=\"\" class=\"wp-image-9688\" style=\"width:251px\" srcset=\"https:\/\/missionlocale-innovam.fr\/wp-content\/uploads\/2025\/02\/Flyers20252-724x1024.jpg 724w, https:\/\/missionlocale-innovam.fr\/wp-content\/uploads\/2025\/02\/Flyers20252-212x300.jpg 212w, https:\/\/missionlocale-innovam.fr\/wp-content\/uploads\/2025\/02\/Flyers20252-768x1086.jpg 768w, https:\/\/missionlocale-innovam.fr\/wp-content\/uploads\/2025\/02\/Flyers20252-1086x1536.jpg 1086w, https:\/\/missionlocale-innovam.fr\/wp-content\/uploads\/2025\/02\/Flyers20252-1448x2048.jpg 1448w, https:\/\/missionlocale-innovam.fr\/wp-content\/uploads\/2025\/02\/Flyers20252-scaled.jpg 1811w\" sizes=\"auto, (max-width: 724px) 100vw, 724px\" \/><\/a><\/figure>\n\n\n\n<p class=\"has-text-align-center has-extra-small-font-size\"><a href=\"https:\/\/missionlocale-innovam.fr\/wp-content\/uploads\/2025\/02\/Flyers20252-scaled.jpg\">Plaquette du PACEA<\/a><\/p>\n<\/div>\n\n\n\n<div class=\"wp-block-column is-layout-flow wp-block-column-is-layout-flow\"><\/div>\n<\/div>\n","protected":false},"excerpt":{"rendered":"<p>Rapports d&rsquo;activit\u00e9 Rapport d&rsquo;activit\u00e9 2024 Rapport d&rsquo;activit\u00e9 2023 Rapport d&rsquo;activit\u00e9 2022 Rapport d&rsquo;activit\u00e9 2021 Plaquette de la Mission Locale Plaquette du Service Emploi Le parrainage Plaquette du CEJ Plaquette du PAO Plaquette du PACEA<\/p>\n","protected":false},"author":1,"featured_media":0,"parent":0,"menu_order":0,"comment_status":"closed","ping_status":"closed","template":"page-with-sidebar","meta":{"_themeisle_gutenberg_block_has_review":false,"footnotes":""},"class_list":["post-28","page","type-page","status-publish","hentry"],"_links":{"self":[{"href":"https:\/\/missionlocale-innovam.fr\/index.php\/wp-json\/wp\/v2\/pages\/28","targetHints":{"allow":["GET"]}}],"collection":[{"href":"https:\/\/missionlocale-innovam.fr\/index.php\/wp-json\/wp\/v2\/pages"}],"about":[{"href":"https:\/\/missionlocale-innovam.fr\/index.php\/wp-json\/wp\/v2\/types\/page"}],"author":[{"embeddable":true,"href":"https:\/\/missionlocale-innovam.fr\/index.php\/wp-json\/wp\/v2\/users\/1"}],"replies":[{"embeddable":true,"href":"https:\/\/missionlocale-innovam.fr\/index.php\/wp-json\/wp\/v2\/comments?post=28"}],"version-history":[{"count":202,"href":"https:\/\/missionlocale-innovam.fr\/index.php\/wp-json\/wp\/v2\/pages\/28\/revisions"}],"predecessor-version":[{"id":10159,"href":"https:\/\/missionlocale-innovam.fr\/index.php\/wp-json\/wp\/v2\/pages\/28\/revisions\/10159"}],"wp:attachment":[{"href":"https:\/\/missionlocale-innovam.fr\/index.php\/wp-json\/wp\/v2\/media?parent=28"}],"curies":[{"name":"wp","href":"https:\/\/api.w.org\/{rel}","templated":true}]}}