{"id":4614,"date":"2019-08-08T14:44:01","date_gmt":"2019-08-08T12:44:01","guid":{"rendered":"https:\/\/missionlocale-innovam.fr\/?page_id=4614"},"modified":"2023-07-06T13:07:36","modified_gmt":"2023-07-06T11:07:36","slug":"les-aides-financieres","status":"publish","type":"page","link":"https:\/\/missionlocale-innovam.fr\/index.php\/les-aides-financieres\/","title":{"rendered":"Les aides financi\u00e8res"},"content":{"rendered":"\n<div style=\"height:20px\" aria-hidden=\"true\" class=\"wp-block-spacer\"><\/div>\n\n\n\n<p>Les conseillers de la Mission Locale sont habilit\u00e9s \u00e0 monter des dossiers de demande d\u2019aides financi\u00e8res aupr\u00e8s de partenaires ou d\u2019institutions : ces aides peuvent \u00eatre des aides aux transports, \u00e0 la subsistance, au logement, \u00e0 la formation\u2026<\/p>\n\n\n\n<p><strong>Attention, ces aides ne concernent en g\u00e9n\u00e9ral que les personnes isol\u00e9es puisque les familles doivent solliciter les circonscriptions d\u2019action sociales ou les services sociaux municipaux.<\/strong><\/p>\n\n\n\n<hr class=\"wp-block-separator has-text-color has-alpha-channel-opacity has-background\" style=\"background-color:#3b5fa9;color:#3b5fa9\"\/>\n\n\n\n<p>Chaque dossier est unique. Le conseiller vous demandera des pi\u00e8ces justificatives pour monter le dossier de demande d\u2019aide.<\/p>\n\n\n\n<p><em>En cas de difficult\u00e9s financi\u00e8res parlez-en \u00e0 votre conseiller !<\/em><\/p>\n","protected":false},"excerpt":{"rendered":"<p>Les conseillers de la Mission Locale sont habilit\u00e9s \u00e0 monter des dossiers de demande d\u2019aides financi\u00e8res aupr\u00e8s de partenaires ou d\u2019institutions : ces aides peuvent \u00eatre des aides aux transports, \u00e0 la subsistance, au logement, \u00e0 la formation\u2026 Attention, ces aides ne concernent en g\u00e9n\u00e9ral que les personnes isol\u00e9es puisque [&hellip;]<\/p>\n","protected":false},"author":1,"featured_media":0,"parent":0,"menu_order":0,"comment_status":"closed","ping_status":"closed","template":"page-with-sidebar","meta":{"_themeisle_gutenberg_block_has_review":false,"footnotes":""},"class_list":["post-4614","page","type-page","status-publish","hentry"],"_links":{"self":[{"href":"https:\/\/missionlocale-innovam.fr\/index.php\/wp-json\/wp\/v2\/pages\/4614","targetHints":{"allow":["GET"]}}],"collection":[{"href":"https:\/\/missionlocale-innovam.fr\/index.php\/wp-json\/wp\/v2\/pages"}],"about":[{"href":"https:\/\/missionlocale-innovam.fr\/index.php\/wp-json\/wp\/v2\/types\/page"}],"author":[{"embeddable":true,"href":"https:\/\/missionlocale-innovam.fr\/index.php\/wp-json\/wp\/v2\/users\/1"}],"replies":[{"embeddable":true,"href":"https:\/\/missionlocale-innovam.fr\/index.php\/wp-json\/wp\/v2\/comments?post=4614"}],"version-history":[{"count":11,"href":"https:\/\/missionlocale-innovam.fr\/index.php\/wp-json\/wp\/v2\/pages\/4614\/revisions"}],"predecessor-version":[{"id":8635,"href":"https:\/\/missionlocale-innovam.fr\/index.php\/wp-json\/wp\/v2\/pages\/4614\/revisions\/8635"}],"wp:attachment":[{"href":"https:\/\/missionlocale-innovam.fr\/index.php\/wp-json\/wp\/v2\/media?parent=4614"}],"curies":[{"name":"wp","href":"https:\/\/api.w.org\/{rel}","templated":true}]}}