{"id":4641,"date":"2019-08-08T15:22:42","date_gmt":"2019-08-08T13:22:42","guid":{"rendered":"https:\/\/missionlocale-innovam.fr\/?page_id=4641"},"modified":"2023-07-06T13:21:21","modified_gmt":"2023-07-06T11:21:21","slug":"journee-defense-citoyenne-jdc","status":"publish","type":"page","link":"https:\/\/missionlocale-innovam.fr\/index.php\/journee-defense-citoyenne-jdc\/","title":{"rendered":"Journ\u00e9e D\u00e9fense Citoyenne (JDC)"},"content":{"rendered":"\n<div class=\"wp-block-group is-layout-constrained wp-block-group-is-layout-constrained\">\n<div style=\"height:20px\" aria-hidden=\"true\" class=\"wp-block-spacer\"><\/div>\n<\/div>\n\n\n\n<p>La Journ\u00e9e d\u2019appel \u00e0 la D\u00e9fense Nationale a \u00e9t\u00e9 institu\u00e9e en 1988 \u00e0 la place du Service National. Cette journ\u00e9e concerne gar\u00e7ons et filles. La JDC n&rsquo;est obligatoire que pour les citoyens de nationalit\u00e9 fran\u00e7aise<\/p>\n\n\n\n<p><strong>La JDC se d\u00e9roule sur une journ\u00e9e<\/strong> qui d\u00e9marre aux alentours de 8 h 30 pour s&rsquo;achever vers 17 h.<\/p>\n\n\n\n<p>La journ\u00e9e d\u00e9bute par des<strong> formalit\u00e9s administratives<\/strong> et des<strong> tests d&rsquo;\u00e9valuation<\/strong> visant \u00e0 estimer le niveau de lecture du fran\u00e7ais pour, si besoin est, faire une demande d&rsquo;aide et de cours.<br>Puis trois modules sont propos\u00e9s, d&rsquo;\u00e0 peu pr\u00e8s cinquante minutes chacun. Ils visent \u00e0 mieux faire comprendre les objectifs de la d\u00e9fense. Plusieurs intervenants se relaient pour parler des accords internationaux, de la situation g\u00e9opolitique europ\u00e9enne et internationale.<\/p>\n\n\n\n<p>Cette journ\u00e9e est aussi une occasion de <strong>d\u00e9couvrir les diff\u00e9rents m\u00e9tiers de l&rsquo;arm\u00e9e<\/strong>, les diff\u00e9rentes pr\u00e9parations militaire, la r\u00e9serve militaire, la Formation Militaire Initiale de R\u00e9serve (FMIR)&#8230;<\/p>\n\n\n\n<p>Depuis 2004, un<strong> module pratique de secourisme<\/strong> a \u00e9t\u00e9 int\u00e9gr\u00e9 \u00e0 cette journ\u00e9e.<br>La formation est dispens\u00e9e par des membres de la Croix Rouge. Une<strong> attestation est d\u00e9livr\u00e9e \u00e0 la fin de ce module.<\/strong><br>A l&rsquo;issue de la journ\u00e9e, <strong>un certificat individuel de participation est remis.<\/strong><\/p>\n\n\n\n<hr class=\"wp-block-separator has-text-color has-alpha-channel-opacity has-background\" style=\"background-color:#3b5fa9;color:#3b5fa9\"\/>\n\n\n\n<p><strong>Comme l&rsquo;attestation de recensement, ce certificat obligatoire est requis pour l&rsquo;inscription aux concours administratifs ou pour passer son permis de conduire.<\/strong><\/p>\n\n\n\n<p>Plus d&rsquo;infos sur : <a href=\"https:\/\/www.service-public.fr\/particuliers\/vosdroits\/F871\">https:\/\/www.service-public.fr\/particuliers\/vosdroits\/F871<\/a><\/p>\n\n\n\n<p><em>Si vous n\u2019avez jamais r\u00e9alis\u00e9 votre JDC, vous pouvez demander \u00e0 votre conseiller de vous inscrire \u00e0 une journ\u00e9e.<\/em><\/p>\n","protected":false},"excerpt":{"rendered":"<p>La Journ\u00e9e d\u2019appel \u00e0 la D\u00e9fense Nationale a \u00e9t\u00e9 institu\u00e9e en 1988 \u00e0 la place du Service National. Cette journ\u00e9e concerne gar\u00e7ons et filles. La JDC n&rsquo;est obligatoire que pour les citoyens de nationalit\u00e9 fran\u00e7aise La JDC se d\u00e9roule sur une journ\u00e9e qui d\u00e9marre aux alentours de 8 h 30 [&hellip;]<\/p>\n","protected":false},"author":1,"featured_media":0,"parent":0,"menu_order":0,"comment_status":"closed","ping_status":"closed","template":"page-with-sidebar","meta":{"_themeisle_gutenberg_block_has_review":false,"footnotes":""},"class_list":["post-4641","page","type-page","status-publish","hentry"],"_links":{"self":[{"href":"https:\/\/missionlocale-innovam.fr\/index.php\/wp-json\/wp\/v2\/pages\/4641","targetHints":{"allow":["GET"]}}],"collection":[{"href":"https:\/\/missionlocale-innovam.fr\/index.php\/wp-json\/wp\/v2\/pages"}],"about":[{"href":"https:\/\/missionlocale-innovam.fr\/index.php\/wp-json\/wp\/v2\/types\/page"}],"author":[{"embeddable":true,"href":"https:\/\/missionlocale-innovam.fr\/index.php\/wp-json\/wp\/v2\/users\/1"}],"replies":[{"embeddable":true,"href":"https:\/\/missionlocale-innovam.fr\/index.php\/wp-json\/wp\/v2\/comments?post=4641"}],"version-history":[{"count":15,"href":"https:\/\/missionlocale-innovam.fr\/index.php\/wp-json\/wp\/v2\/pages\/4641\/revisions"}],"predecessor-version":[{"id":8643,"href":"https:\/\/missionlocale-innovam.fr\/index.php\/wp-json\/wp\/v2\/pages\/4641\/revisions\/8643"}],"wp:attachment":[{"href":"https:\/\/missionlocale-innovam.fr\/index.php\/wp-json\/wp\/v2\/media?parent=4641"}],"curies":[{"name":"wp","href":"https:\/\/api.w.org\/{rel}","templated":true}]}}