{"id":4669,"date":"2019-08-08T16:09:22","date_gmt":"2019-08-08T14:09:22","guid":{"rendered":"https:\/\/missionlocale-innovam.fr\/?page_id=4669"},"modified":"2026-02-03T12:47:41","modified_gmt":"2026-02-03T11:47:41","slug":"le-handicap","status":"publish","type":"page","link":"https:\/\/missionlocale-innovam.fr\/index.php\/le-handicap\/","title":{"rendered":"Le handicap"},"content":{"rendered":"\n<div style=\"height:20px\" aria-hidden=\"true\" class=\"wp-block-spacer\"><\/div>\n\n\n\n<p>La Mission Locale peut vous accompagner dans le montage de votre Reconnaissance en Qualit\u00e9 de Travailleur Handicap\u00e9 (RQTH) et dans votre recherche de formation et d\u2019emploi.<\/p>\n\n\n\n<p><strong>En partenariat \u00e9troit avec la MDPH 94,&nbsp; la Mission Locale aide et accompagne les jeunes en situation de handicap du montage du dossier jusqu&rsquo;\u00e0 l&rsquo;orientation en milieu ordinaire de travail.<\/strong><\/p>\n\n\n\n<p>La Mission Locale re\u00e7oit r\u00e9guli\u00e8rement des offres d&#8217;emploi, d&rsquo;alternance et de formation sp\u00e9cifiques qui vous sont r\u00e9serv\u00e9es. Ainsi notre r\u00e9f\u00e9rente handicap, une fois votre reconnaissance de handicap d\u00e9livr\u00e9e par la MDPH, vous accompagnera tout au long de votre parcours.<\/p>\n\n\n\n<hr class=\"wp-block-separator has-text-color has-alpha-channel-opacity has-background\" style=\"background-color:#3b5fa9;color:#3b5fa9\"\/>\n\n\n\n<p class=\"has-purple-color has-text-color\"><strong>Pour plus d&rsquo;informations :&nbsp;<\/strong><\/p>\n\n\n\n<p class=\"has-text-color\" style=\"color:#3b5fa9\"><strong>AGEFIPH<\/strong><\/p>\n\n\n\n<p><a href=\"https:\/\/www.agefiph.fr\/\">https:\/\/www.agefiph.fr\/<\/a><\/p>\n\n\n\n<p class=\"has-text-color\" style=\"color:#3b5fa9\"><strong>Maison D\u00e9partementale des personnes handicap\u00e9es<\/strong><\/p>\n\n\n\n<p><a href=\"https:\/\/www.valdemarne.fr\/a-votre-service\/handicap\/maison-departementale-des-personnes-handicapees-mdph\">https:\/\/www.valdemarne.fr\/a-votre-service\/handicap\/maison-departementale-des-personnes-handicapees-mdph<\/a><\/p>\n\n\n\n<p class=\"has-text-color\" style=\"color:#3b5fa9\"><strong>HANDIPOLE<\/strong><\/p>\n\n\n\n<p><a href=\"http:\/\/www.handipole.org\/\">http:\/\/www.handipole.org\/<\/a><\/p>\n","protected":false},"excerpt":{"rendered":"<p>La Mission Locale peut vous accompagner dans le montage de votre Reconnaissance en Qualit\u00e9 de Travailleur Handicap\u00e9 (RQTH) et dans votre recherche de formation et d\u2019emploi. En partenariat \u00e9troit avec la MDPH 94,&nbsp; la Mission Locale aide et accompagne les jeunes en situation de handicap du montage du dossier jusqu&rsquo;\u00e0 [&hellip;]<\/p>\n","protected":false},"author":1,"featured_media":0,"parent":0,"menu_order":0,"comment_status":"closed","ping_status":"closed","template":"page-with-sidebar","meta":{"_themeisle_gutenberg_block_has_review":false,"footnotes":""},"class_list":["post-4669","page","type-page","status-publish","hentry"],"_links":{"self":[{"href":"https:\/\/missionlocale-innovam.fr\/index.php\/wp-json\/wp\/v2\/pages\/4669","targetHints":{"allow":["GET"]}}],"collection":[{"href":"https:\/\/missionlocale-innovam.fr\/index.php\/wp-json\/wp\/v2\/pages"}],"about":[{"href":"https:\/\/missionlocale-innovam.fr\/index.php\/wp-json\/wp\/v2\/types\/page"}],"author":[{"embeddable":true,"href":"https:\/\/missionlocale-innovam.fr\/index.php\/wp-json\/wp\/v2\/users\/1"}],"replies":[{"embeddable":true,"href":"https:\/\/missionlocale-innovam.fr\/index.php\/wp-json\/wp\/v2\/comments?post=4669"}],"version-history":[{"count":18,"href":"https:\/\/missionlocale-innovam.fr\/index.php\/wp-json\/wp\/v2\/pages\/4669\/revisions"}],"predecessor-version":[{"id":10093,"href":"https:\/\/missionlocale-innovam.fr\/index.php\/wp-json\/wp\/v2\/pages\/4669\/revisions\/10093"}],"wp:attachment":[{"href":"https:\/\/missionlocale-innovam.fr\/index.php\/wp-json\/wp\/v2\/media?parent=4669"}],"curies":[{"name":"wp","href":"https:\/\/api.w.org\/{rel}","templated":true}]}}

<div style="height:20px" aria-hidden="true" class="wp-block-spacer"></div>



<p>La Mission Locale peut vous accompagner dans le montage de votre Reconnaissance en Qualité de Travailleur Handicapé (RQTH) et dans votre recherche de formation et d’emploi.</p>



<p><strong>En partenariat étroit avec la MDPH 94,&nbsp; la Mission Locale aide et accompagne les jeunes en situation de handicap du montage du dossier jusqu&rsquo;à l&rsquo;orientation en milieu ordinaire de travail.</strong></p>



<p>La Mission Locale reçoit régulièrement des offres d&#8217;emploi, d&rsquo;alternance et de formation spécifiques qui vous sont réservées. Ainsi notre référente handicap, une fois votre reconnaissance de handicap délivrée par la MDPH, vous accompagnera tout au long de votre parcours.</p>



<hr class="wp-block-separator has-text-color has-alpha-channel-opacity has-background" style="background-color:#3b5fa9;color:#3b5fa9"/>



<p class="has-purple-color has-text-color"><strong>Pour plus d&rsquo;informations :&nbsp;</strong></p>



<p class="has-text-color" style="color:#3b5fa9"><strong>AGEFIPH</strong></p>



<p><a href="https://www.agefiph.fr/">https://www.agefiph.fr/</a></p>



<p class="has-text-color" style="color:#3b5fa9"><strong>Maison Départementale des personnes handicapées</strong></p>



<p><a href="https://www.valdemarne.fr/a-votre-service/handicap/maison-departementale-des-personnes-handicapees-mdph">https://www.valdemarne.fr/a-votre-service/handicap/maison-departementale-des-personnes-handicapees-mdph</a></p>



<p class="has-text-color" style="color:#3b5fa9"><strong>HANDIPOLE</strong></p>



<p><a href="http://www.handipole.org/">http://www.handipole.org/</a></p>

<p>La Mission Locale peut vous accompagner dans le montage de votre Reconnaissance en Qualité de Travailleur Handicapé (RQTH) et dans votre recherche de formation et d’emploi. En partenariat étroit avec la MDPH 94,&nbsp; la Mission Locale aide et accompagne les jeunes en situation de handicap du montage du dossier jusqu&rsquo;à [&hellip;]</p>
