{"id":5164,"date":"2019-08-12T15:36:21","date_gmt":"2019-08-12T13:36:21","guid":{"rendered":"https:\/\/missionlocale-innovam.fr\/?page_id=5164"},"modified":"2026-02-03T12:45:38","modified_gmt":"2026-02-03T11:45:38","slug":"le-reseau-des-missions-locales","status":"publish","type":"page","link":"https:\/\/missionlocale-innovam.fr\/index.php\/le-reseau-des-missions-locales\/","title":{"rendered":"Le r\u00e9seau des Missions Locales"},"content":{"rendered":"\n<h4 class=\"wp-block-heading has-text-color\" style=\"color:#3b5fa9\"><strong>Quelques chiffres <\/strong>(2022)<\/h4>\n\n\n\n<div class=\"wp-block-group has-background is-layout-constrained wp-block-group-is-layout-constrained\" style=\"background-color:#0099e61c;padding-top:1.7rem;padding-bottom:1.7rem\">\n<div class=\"wp-block-group is-layout-constrained wp-block-group-is-layout-constrained\">\n<div class=\"wp-block-columns is-layout-flex wp-container-core-columns-is-layout-28f84493 wp-block-columns-is-layout-flex\">\n<div class=\"wp-block-column is-layout-flow wp-block-column-is-layout-flow\" style=\"flex-basis:33.33%\">\n<figure class=\"wp-block-image alignleft size-large is-resized\"><img loading=\"lazy\" decoding=\"async\" width=\"2175\" height=\"1223\" src=\"https:\/\/missionlocale-innovam.fr\/wp-content\/uploads\/2023\/07\/ML_logo_long_rvb-edited-1.png\" alt=\"\" class=\"wp-image-8350\" style=\"width:185px;height:104px\" srcset=\"https:\/\/missionlocale-innovam.fr\/wp-content\/uploads\/2023\/07\/ML_logo_long_rvb-edited-1.png 2175w, https:\/\/missionlocale-innovam.fr\/wp-content\/uploads\/2023\/07\/ML_logo_long_rvb-edited-1-300x169.png 300w, https:\/\/missionlocale-innovam.fr\/wp-content\/uploads\/2023\/07\/ML_logo_long_rvb-edited-1-1024x576.png 1024w, https:\/\/missionlocale-innovam.fr\/wp-content\/uploads\/2023\/07\/ML_logo_long_rvb-edited-1-768x432.png 768w, https:\/\/missionlocale-innovam.fr\/wp-content\/uploads\/2023\/07\/ML_logo_long_rvb-edited-1-1536x864.png 1536w, https:\/\/missionlocale-innovam.fr\/wp-content\/uploads\/2023\/07\/ML_logo_long_rvb-edited-1-2048x1152.png 2048w\" sizes=\"auto, (max-width: 2175px) 100vw, 2175px\" \/><\/figure>\n<\/div>\n\n\n\n<div class=\"wp-block-column is-layout-flow wp-block-column-is-layout-flow\" style=\"flex-basis:66.66%\">\n<p><\/p>\n\n\n\n<p class=\"has-foreground-color has-text-color has-big-font-size\">La Mission Locale INNOVAM fait partie du r\u00e9seau des Missions Locales<\/p>\n<\/div>\n<\/div>\n<\/div>\n\n\n\n<div class=\"wp-block-columns is-layout-flex wp-container-core-columns-is-layout-8a6dcda2 wp-block-columns-is-layout-flex\" style=\"margin-top:3rem\">\n<div class=\"wp-block-column is-layout-flow wp-block-column-is-layout-flow\">\n<div class=\"wp-block-group hover-shadow has-background-background-color has-background is-layout-constrained wp-container-core-group-is-layout-f5e77842 wp-block-group-is-layout-constrained\" style=\"border-radius:4px;padding-top:20px;padding-right:20px;padding-bottom:20px;padding-left:20px\">\n<p class=\"has-text-align-center has-small-font-size\"><strong>440 Missions Locales<br>6 800 lieux d\u2019accueil<\/strong><\/p>\n\n\n\n<p class=\"has-text-align-center has-small-font-size\">15 000 salari\u00e9s<br>15 Associations r\u00e9gionales<\/p>\n<\/div>\n\n\n\n<div class=\"wp-block-group hover-shadow has-background-background-color has-background is-layout-constrained wp-container-core-group-is-layout-f5e77842 wp-block-group-is-layout-constrained\" style=\"border-radius:4px;padding-top:20px;padding-right:20px;padding-bottom:20px;padding-left:20px\">\n<p class=\"has-text-align-center has-small-font-size\"><strong>200 000 <\/strong>jeunes sont engag\u00e9s dans un parcours intensif (Contrat d\u2019Engagement Jeune ou Garantie Jeunes)<\/p>\n<\/div>\n<\/div>\n\n\n\n<div class=\"wp-block-column is-layout-flow wp-block-column-is-layout-flow\">\n<div class=\"wp-block-group hover-shadow has-background-background-color has-background is-layout-constrained wp-container-core-group-is-layout-f5e77842 wp-block-group-is-layout-constrained\" style=\"border-radius:4px;padding-top:20px;padding-right:20px;padding-bottom:20px;padding-left:20px\">\n<p class=\"has-text-align-center has-small-font-size\"><strong>1,1 million de jeunes accompagn\u00e9s par le r\u00e9seau<\/strong><\/p>\n\n\n\n<p class=\"has-text-align-center has-small-font-size\">dont 440 000 accueillis pour la premi\u00e8re fois<\/p>\n<\/div>\n\n\n\n<div class=\"wp-block-group hover-shadow has-background-background-color has-background is-layout-constrained wp-container-core-group-is-layout-f5e77842 wp-block-group-is-layout-constrained\" style=\"border-radius:4px;padding-top:20px;padding-right:20px;padding-bottom:20px;padding-left:20px\">\n<p class=\"has-text-align-center has-small-font-size\"><strong>312 000<\/strong> jeunes en emploi<\/p>\n\n\n\n<p class=\"has-text-align-center has-small-font-size\"><strong>127 000<\/strong> jeunes en formation<\/p>\n\n\n\n<p class=\"has-text-align-center has-small-font-size\"><strong>54 000<\/strong> contrats en alternance<\/p>\n<\/div>\n<\/div>\n\n\n\n<div class=\"wp-block-column is-layout-flow wp-block-column-is-layout-flow\">\n<div class=\"wp-block-group hover-shadow has-background-background-color has-background is-layout-constrained wp-container-core-group-is-layout-f5e77842 wp-block-group-is-layout-constrained\" style=\"border-radius:4px;padding-top:20px;padding-right:20px;padding-bottom:20px;padding-left:20px\">\n<p class=\"has-text-align-center has-small-font-size\"><strong>252 000<\/strong> jeunes<br>ont sign\u00e9 un parcours personnalis\u00e9 et contractualis\u00e9<\/p>\n<\/div>\n\n\n\n<div class=\"wp-block-group hover-shadow has-background-background-color has-background is-layout-constrained wp-container-core-group-is-layout-f5e77842 wp-block-group-is-layout-constrained\" style=\"border-radius:4px;padding-top:20px;padding-right:20px;padding-bottom:20px;padding-left:20px\">\n<p class=\"has-text-align-center has-small-font-size\"><strong>23 000<\/strong> jeunes retourn\u00e9s<br>en formation initiale<\/p>\n\n\n\n<p class=\"has-text-align-center has-small-font-size\"><strong>17 000<\/strong> en mission de Service Civique<\/p>\n<\/div>\n<\/div>\n<\/div>\n<\/div>\n\n\n\n<p class=\"has-text-color\" style=\"color:#3b5fa9\"><strong>Un peu d&rsquo;histoire&#8230;<\/strong><\/p>\n\n\n\n<p class=\"has-small-font-size\"><strong>1981 :<\/strong>&nbsp;Rapport de Bertrand Schwartz sur l&rsquo;insertion professionnelle et sociale des jeunes<br><strong>1982 :<\/strong> Cr\u00e9ation des premi\u00e8res Missions Locales et des PAIO<br><strong>1989<\/strong> <strong>:&nbsp;<\/strong>La loi du 19 d\u00e9cembre donne une base l\u00e9gislative \u00e0 l\u2019action des Missions Locales \/ Parution de la charte des Missions Locales<br><strong>2000 :<\/strong>&nbsp;Cr\u00e9ation du Syndicat National des Missions Locales et des PAIO<br><strong>2001 :<\/strong>&nbsp;Signature de la Convention Collective Nationale<br><strong>2003 :<\/strong>&nbsp;Cr\u00e9ation de l\u2019Union Nationale des Missions Locales<br><strong>2005 :<\/strong>&nbsp;Inscription des Missions Locales dans le code du travail en tant que membre du Service Public pour l\u2019Emploi<\/p>\n\n\n\n<hr class=\"wp-block-separator has-text-color has-alpha-channel-opacity has-background\" style=\"background-color:#3b5fa9;color:#3b5fa9\"\/>\n\n\n\n<h4 class=\"wp-block-heading has-text-align-center has-purple-color has-text-color\"><strong>Trouver sa mission locale sur <\/strong><strong><a href=\"https:\/\/www.cestunemission.fr\/\">cestunemission.fr<\/a><\/strong><\/h4>\n\n\n\n<p><\/p>\n","protected":false},"excerpt":{"rendered":"<p>Quelques chiffres (2022) La Mission Locale INNOVAM fait partie du r\u00e9seau des Missions Locales 440 Missions Locales6 800 lieux d\u2019accueil 15 000 salari\u00e9s15 Associations r\u00e9gionales 200 000 jeunes sont engag\u00e9s dans un parcours intensif (Contrat d\u2019Engagement Jeune ou Garantie Jeunes) 1,1 million de jeunes accompagn\u00e9s par le r\u00e9seau dont 440 [&hellip;]<\/p>\n","protected":false},"author":1,"featured_media":0,"parent":0,"menu_order":0,"comment_status":"closed","ping_status":"closed","template":"page-with-sidebar","meta":{"_themeisle_gutenberg_block_has_review":false,"footnotes":""},"class_list":["post-5164","page","type-page","status-publish","hentry"],"_links":{"self":[{"href":"https:\/\/missionlocale-innovam.fr\/index.php\/wp-json\/wp\/v2\/pages\/5164","targetHints":{"allow":["GET"]}}],"collection":[{"href":"https:\/\/missionlocale-innovam.fr\/index.php\/wp-json\/wp\/v2\/pages"}],"about":[{"href":"https:\/\/missionlocale-innovam.fr\/index.php\/wp-json\/wp\/v2\/types\/page"}],"author":[{"embeddable":true,"href":"https:\/\/missionlocale-innovam.fr\/index.php\/wp-json\/wp\/v2\/users\/1"}],"replies":[{"embeddable":true,"href":"https:\/\/missionlocale-innovam.fr\/index.php\/wp-json\/wp\/v2\/comments?post=5164"}],"version-history":[{"count":144,"href":"https:\/\/missionlocale-innovam.fr\/index.php\/wp-json\/wp\/v2\/pages\/5164\/revisions"}],"predecessor-version":[{"id":10089,"href":"https:\/\/missionlocale-innovam.fr\/index.php\/wp-json\/wp\/v2\/pages\/5164\/revisions\/10089"}],"wp:attachment":[{"href":"https:\/\/missionlocale-innovam.fr\/index.php\/wp-json\/wp\/v2\/media?parent=5164"}],"curies":[{"name":"wp","href":"https:\/\/api.w.org\/{rel}","templated":true}]}}