{"id":5866,"date":"2020-04-03T12:23:24","date_gmt":"2020-04-03T10:23:24","guid":{"rendered":"https:\/\/missionlocale-innovam.fr\/?page_id=5866"},"modified":"2026-03-13T15:18:49","modified_gmt":"2026-03-13T14:18:49","slug":"pre-inscription-a-la-mission-locale-innovam","status":"publish","type":"page","link":"https:\/\/missionlocale-innovam.fr\/index.php\/pre-inscription-a-la-mission-locale-innovam\/","title":{"rendered":"Pr\u00e9-inscription \u00e0 la Mission Locale INNOVAM"},"content":{"rendered":"\n<div style=\"height:10px\" aria-hidden=\"true\" class=\"wp-block-spacer\"><\/div>\n\n\n\n<div id=\"wp-block-themeisle-blocks-icon-list-98c49991\" class=\"wp-block-themeisle-blocks-icon-list\">\n<div id=\"wp-block-themeisle-blocks-icon-list-item-808b7a28\" class=\"wp-block-themeisle-blocks-icon-list-item\"><i class=\"fas fa-check wp-block-themeisle-blocks-icon-list-item-icon\"><\/i><p class=\"wp-block-themeisle-blocks-icon-list-item-content\"><strong>Vous avez entre 16 ans et 25 ans<\/strong><\/p><\/div>\n\n\n\n<div id=\"wp-block-themeisle-blocks-icon-list-item-fbcffa04\" class=\"wp-block-themeisle-blocks-icon-list-item\"><i class=\"fas fa-check wp-block-themeisle-blocks-icon-list-item-icon\"><\/i><p class=\"wp-block-themeisle-blocks-icon-list-item-content\"><strong>Vous habitez \u00e0 Arcueil, Cachan, Gentilly, Kremlin Bic\u00eatre ou Villejuif ?<\/strong><\/p><\/div>\n\n\n\n<div id=\"wp-block-themeisle-blocks-icon-list-item-43157053\" class=\"wp-block-themeisle-blocks-icon-list-item\"><i class=\"fas fa-check wp-block-themeisle-blocks-icon-list-item-icon\"><\/i><p class=\"wp-block-themeisle-blocks-icon-list-item-content\"><strong>Vous souhaitez \u00eatre accompagn\u00e9(e) dans vos d\u00e9marches et vos projets professionnels ?<\/strong><\/p><\/div>\n<\/div>\n\n\n\n<p class=\"has-text-color\" style=\"color:#3b5fa9\"><strong>Remplissez ce formulaire, un conseiller vous recontactera dans les plus brefs d\u00e9lais afin de finaliser avec vous, votre inscription<\/strong><\/p>\n\n\n\n<hr class=\"wp-block-separator has-text-color has-alpha-channel-opacity has-background\" style=\"background-color:#3b5fa9;color:#3b5fa9\"\/>\n\n\n\n<div id=\"wp-block-themeisle-blocks-form-69ec2eb0\" class=\"wp-block-themeisle-blocks-form\" data-option-name=\"bf9b28ff82ce323187abc5d0feb0d8f07ecd8436_69ec2eb0\"><form class=\"otter-form__container\">\n<div id=\"wp-block-themeisle-blocks-form-input-ceb32161\" class=\"wp-block-themeisle-blocks-form-input is-style-o-c-two-thirds\"><label for=\"wp-block-themeisle-blocks-form-input-ceb32161-input\" class=\"otter-form-input-label\"><span class=\"otter-form-input-label__label\">Votre nom<\/span><span class=\"required\">*<\/span><\/label><input type=\"text\" id=\"wp-block-themeisle-blocks-form-input-ceb32161-input\" required class=\"otter-form-input\"\/><\/div>\n\n\n\n<div id=\"wp-block-themeisle-blocks-form-input-a39f88c7\" class=\"wp-block-themeisle-blocks-form-input is-style-o-c-two-thirds\"><label for=\"wp-block-themeisle-blocks-form-input-a39f88c7-input\" class=\"otter-form-input-label\"><span class=\"otter-form-input-label__label\">Votre pr\u00e9nom<\/span><span class=\"required\">*<\/span><\/label><input type=\"text\" id=\"wp-block-themeisle-blocks-form-input-a39f88c7-input\" required class=\"otter-form-input\"\/><\/div>\n\n\n\n<div id=\"wp-block-themeisle-blocks-form-input-8c5f94ca\" class=\"wp-block-themeisle-blocks-form-input  is-style-o-c-half\"><label for=\"wp-block-themeisle-blocks-form-input-8c5f94ca-input\" class=\"otter-form-input-label\"><span class=\"otter-form-input-label__label\">Votre \u00e2ge<\/span><span class=\"required\">*<\/span><\/label><input type=\"text\" id=\"wp-block-themeisle-blocks-form-input-8c5f94ca-input\" required class=\"otter-form-input\"\/><\/div>\n\n\n\n<div id=\"wp-block-themeisle-blocks-form-input-82454d2f\" class=\"wp-block-themeisle-blocks-form-input\"><label for=\"wp-block-themeisle-blocks-form-input-82454d2f-input\" class=\"otter-form-input-label\"><span class=\"otter-form-input-label__label\">Votre adresse<\/span><span class=\"required\">*<\/span><\/label><input type=\"text\" id=\"wp-block-themeisle-blocks-form-input-82454d2f-input\" required class=\"otter-form-input\"\/><span class=\"o-form-help\">N\u00b0 et rue<\/span><\/div>\n\n\n\n<div id=\"wp-block-themeisle-blocks-form-input-bb7183f4\" class=\"wp-block-themeisle-blocks-form-input is-style-o-c-two-thirds\"><label for=\"wp-block-themeisle-blocks-form-input-bb7183f4-input\" class=\"otter-form-input-label\"><span class=\"otter-form-input-label__label\">Ville<\/span><span class=\"required\">*<\/span><\/label><input type=\"text\" id=\"wp-block-themeisle-blocks-form-input-bb7183f4-input\" required class=\"otter-form-input\"\/><\/div>\n\n\n\n<div id=\"wp-block-themeisle-blocks-form-input-c4d8b772\" class=\"wp-block-themeisle-blocks-form-input is-style-o-c-one-third\"><label for=\"wp-block-themeisle-blocks-form-input-c4d8b772-input\" class=\"otter-form-input-label\"><span class=\"otter-form-input-label__label\">Votre t\u00e9l\u00e9phone<\/span><span class=\"required\">*<\/span><\/label><input type=\"text\" id=\"wp-block-themeisle-blocks-form-input-c4d8b772-input\" required class=\"otter-form-input\"\/><\/div>\n\n\n\n<div id=\"wp-block-themeisle-blocks-form-input-1794abc8\" class=\"wp-block-themeisle-blocks-form-input is-style-o-c-two-thirds\"><label for=\"wp-block-themeisle-blocks-form-input-1794abc8-input\" class=\"otter-form-input-label\"><span class=\"otter-form-input-label__label\">Votre email<\/span><span class=\"required\">*<\/span><\/label><input type=\"email\" id=\"wp-block-themeisle-blocks-form-input-1794abc8-input\" required class=\"otter-form-input\"\/><\/div>\n\n\n<div class=\"protection\" aria-hidden=\"true\"><input type=\"hidden\" id=\"wp-block-themeisle-blocks-form-69ec2eb0_nonce_field\" name=\"wp-block-themeisle-blocks-form-69ec2eb0_nonce_field\" value=\"63faa5d5b4\" \/><input type=\"hidden\" name=\"_wp_http_referer\" value=\"\/index.php\/wp-json\/wp\/v2\/pages\/5866\" \/><input class=\"o-anti-bot\" type=\"checkbox\"><\/div>\n\n\n<div id=\"wp-block-themeisle-blocks-form-textarea-3e4288cc\" class=\"wp-block-themeisle-blocks-form-textarea\"><label for=\"wp-block-themeisle-blocks-form-textarea-3e4288cc-input\" class=\"otter-form-textarea-label\"><span class=\"otter-form-textarea-label__label\">Quel est le motif de votre inscription \u00e0 la Mission Locale ?<\/span><span class=\"required\">*<\/span><\/label><textarea id=\"wp-block-themeisle-blocks-form-textarea-3e4288cc-input\" required rows=\"10\" class=\"otter-form-textarea-input\"><\/textarea><\/div>\n\n\n\n<div id=\"wp-block-themeisle-blocks-form-input-7f424328\" class=\"wp-block-themeisle-blocks-form-textarea\"><label for=\"wp-block-themeisle-blocks-form-input-7f424328-input\" class=\"otter-form-textarea-label\"><span class=\"otter-form-textarea-label__label\">Quelle est votre situation actuelle ?<\/span><span class=\"required\">*<\/span><\/label><textarea id=\"wp-block-themeisle-blocks-form-input-7f424328-input\" required rows=\"10\" class=\"otter-form-textarea-input\"><\/textarea><\/div>\n\n\n<div class=\"is-style-hidden-label wp-block-themeisle-blocks-form-multiple-choice\" id=\"wp-block-themeisle-blocks-form-input-ef20aaac\"><label class=\"otter-form-input-label\" >Select option<span class=\"required\">*<\/span><\/label><div class=\"o-form-choices\"><\/div><span class=\"o-form-help\"><\/span><\/div><div class=\"wp-block-button right\"><button class=\"wp-block-button__link\" type=\"submit\">Envoyer<\/button><\/div><\/form><\/div>\n\n\n\n<div class=\"wp-block-columns is-layout-flex wp-container-core-columns-is-layout-28f84493 wp-block-columns-is-layout-flex\">\n<div class=\"wp-block-column is-layout-flow wp-block-column-is-layout-flow\" style=\"flex-basis:33.33%\">\n<figure class=\"wp-block-image aligncenter size-full is-resized\"><img loading=\"lazy\" decoding=\"async\" width=\"600\" height=\"612\" src=\"https:\/\/missionlocale-innovam.fr\/wp-content\/uploads\/2023\/11\/RGPD_06_Logo-Badge_MaMissionLocaleProtege_Bass-Def_sur-fond-blanc.png\" alt=\"\" class=\"wp-image-9060\" style=\"width:183px;height:auto\" srcset=\"https:\/\/missionlocale-innovam.fr\/wp-content\/uploads\/2023\/11\/RGPD_06_Logo-Badge_MaMissionLocaleProtege_Bass-Def_sur-fond-blanc.png 600w, https:\/\/missionlocale-innovam.fr\/wp-content\/uploads\/2023\/11\/RGPD_06_Logo-Badge_MaMissionLocaleProtege_Bass-Def_sur-fond-blanc-294x300.png 294w\" sizes=\"auto, (max-width: 600px) 100vw, 600px\" \/><\/figure>\n<\/div>\n\n\n\n<div class=\"wp-block-column is-layout-flow wp-block-column-is-layout-flow\" style=\"flex-basis:80%\">\n<p class=\"has-tiny-font-size\"><strong>Utilisation et conservation de vos donn\u00e9es personnelles <\/strong> : (Pour en savoir plus sur notre politique de confidentialit\u00e9 <a href=\"https:\/\/missionlocale-innovam.fr\/index.php\/mentions-legales-et-protection-des-donnees\/\">cliquez ici<\/a>)<\/p>\n\n\n\n<p class=\"has-tiny-font-size\">Seules les donn\u00e9es d\u00e9pos\u00e9es volontairement par l&rsquo;internaute via le formulaire de contact sont conserv\u00e9es pendant 18 mois et sont uniquement destin\u00e9es au traitement des demandes. Ces donn\u00e9es ne seront jamais communiqu\u00e9es \u00e0 des tiers et sont accessibles uniquement par la direction et ses collaborateurs habilit\u00e9s.<\/p>\n\n\n\n<p class=\"has-tiny-font-size\">Conform\u00e9ment \u00e0 la loi \u00ab\u00a0informatique et libert\u00e9s\u00a0\u00bb, vous disposez d\u2019un droit d\u2019acc\u00e8s, de modification et\/ou de suppression des donn\u00e9es vous concernant \u00e0 tout moment.\u00a0Pour exercer ce droit d&rsquo;acc\u00e8s, adresser un courrier recommand\u00e9 \u00e0 l&rsquo;attention de : D\u00e9l\u00e9gu\u00e9e \u00e0 la protection des donn\u00e9es &#8211;\u00a0 Mission Locale INNOVAM, 19, rue de la Gare 94230 CACHAN.<\/p>\n<\/div>\n<\/div>\n\n\n\n<p><\/p>\n","protected":false},"excerpt":{"rendered":"<p>Remplissez ce formulaire, un conseiller vous recontactera dans les plus brefs d\u00e9lais afin de finaliser avec vous, votre inscription Utilisation et conservation de vos donn\u00e9es personnelles : (Pour en savoir plus sur notre politique de confidentialit\u00e9 cliquez ici) Seules les donn\u00e9es d\u00e9pos\u00e9es volontairement par l&rsquo;internaute via le formulaire de contact [&hellip;]<\/p>\n","protected":false},"author":1,"featured_media":0,"parent":0,"menu_order":0,"comment_status":"closed","ping_status":"closed","template":"page-with-sidebar","meta":{"_themeisle_gutenberg_block_has_review":false,"footnotes":""},"class_list":["post-5866","page","type-page","status-publish","hentry"],"_links":{"self":[{"href":"https:\/\/missionlocale-innovam.fr\/index.php\/wp-json\/wp\/v2\/pages\/5866","targetHints":{"allow":["GET"]}}],"collection":[{"href":"https:\/\/missionlocale-innovam.fr\/index.php\/wp-json\/wp\/v2\/pages"}],"about":[{"href":"https:\/\/missionlocale-innovam.fr\/index.php\/wp-json\/wp\/v2\/types\/page"}],"author":[{"embeddable":true,"href":"https:\/\/missionlocale-innovam.fr\/index.php\/wp-json\/wp\/v2\/users\/1"}],"replies":[{"embeddable":true,"href":"https:\/\/missionlocale-innovam.fr\/index.php\/wp-json\/wp\/v2\/comments?post=5866"}],"version-history":[{"count":109,"href":"https:\/\/missionlocale-innovam.fr\/index.php\/wp-json\/wp\/v2\/pages\/5866\/revisions"}],"predecessor-version":[{"id":10182,"href":"https:\/\/missionlocale-innovam.fr\/index.php\/wp-json\/wp\/v2\/pages\/5866\/revisions\/10182"}],"wp:attachment":[{"href":"https:\/\/missionlocale-innovam.fr\/index.php\/wp-json\/wp\/v2\/media?parent=5866"}],"curies":[{"name":"wp","href":"https:\/\/api.w.org\/{rel}","templated":true}]}}